 + 6*g**2 - 1 - g**3 - 4*g**3. Let u be s(2). What is the units digit of 54/8 + u/12?
7
Suppose 2*x = -0*x + 88. What is the tens digit of x?
4
Suppose 10 = -2*t, -2*t + 43 = 3*v + 2*t. What is the units digit of v?
1
Let u be 11/4 + 12/(-16). Let i(l) = 6*l**2 - 5*l + 2. Let c(a) = -7*a**2 + 6*a - 2. Let h(y) = 2*c(y) + 3*i(y). What is the units digit of h(u)?
2
Suppose 35 = 4*r + 3*b, -5*b - 15 = -4*r + 12. What is the tens digit of r/6*(1 - -8)?
1
Let j = 0 - -3. Suppose -1 - 2 = j*x. What is the units digit of 0 - (-5 - (0 + x))?
4
Let l = -66 - -116. Suppose 0 = 2*y + 2*v - l, 2*v - 5 = v. Suppose -3*s + y = 5*a - 8, -5*a = -25. What is the units digit of s?
1
Let o(g) = 217*g**3 + g**2 - 3*g + 3. What is the hundreds digit of o(1)?
2
Suppose 3*x = -c + 4, -2*x = -5*c + 158 - 53. What is the units digit of c?
9
Let x(g) = 2*g**2 + 3*g + 2. Let u be x(-2). Suppose -2*v + 4*v - 10 = 0. Suppose -v*s + 13 = -u*s. What is the tens digit of s?
1
Suppose 0 = 2*y + 3*y + 40. Let q = 11 + y. What is the units digit of q?
3
Let n be (9/(-2) + 2)*-2. Let d(j) = j**3 - 5*j**2 + 3*j - 1. Let m be d(n). What is the units digit of m + 1/((-3)/9)?
1
Let t(w) = w + 1. Let q(d) = -2*d - 2. Let a(p) = 3*q(p) + 3*t(p). What is the units digit of a(-4)?
9
Let u = -57 - -109. What is the units digit of u?
2
Let s(t) = -t**2 - 13*t - 14. Let y be s(-11). Suppose -u - 2*q + y = 0, 0 = 4*u - 3*q + 2*q - 23. What is the units digit of u?
6
Let c = 68 - 43. What is the tens digit of c?
2
Suppose c - 6*c = -235. What is the tens digit of c?
4
Let v be -195*(3/5)/(-1). Suppose v = 3*g - 5*a, -2*a + 118 = 5*g - 46. What is the units digit of g?
4
Let t be -2 - -1*4/(-2). Let m = t - -6. Suppose -m = g - 9. What is the units digit of g?
7
Suppose 60 = 5*d + 5*c - 2*c, -5*d + 65 = 4*c. Suppose -3*m + 0 = -d. What is the units digit of m?
3
Suppose 4*k - d = 5 - 2, -2*d = 3*k + 6. What is the tens digit of 2 + -1 + k - -22?
2
Let m(f) = f**2 - 2*f - 9. What is the tens digit of m(-6)?
3
Let s = -44 + 25. Let k be (1/(-2))/((-2)/124). Let f = k + s. What is the tens digit of f?
1
Suppose 2*i + 1 = i. Let g be -1*(2 - 1) + i. What is the units digit of g + (8 - -1 - 0)?
7
Let m(l) = l**2 + 2*l - 5. Let s be m(-4). What is the units digit of (-134)/(-6) - 1/s?
2
Let f(c) be the third derivative of -c**4/12 + c**3/6 - c**2. Let n be f(-7). Let y = n - 6. What is the units digit of y?
9
Let t be (4/(-6))/(1/(-21)). Suppose -t + 58 = 2*o. What is the tens digit of o - (0 - -3) - 2?
1
Suppose -388 = -8*v + 4*v. What is the tens digit of v?
9
Let a be ((-8)/(-10))/((-1)/(-5)). Suppose -5*q = -4*l + 20, a*l = 8*l. Let o(b) = b**3 + 4*b**2 - 3*b - 4. What is the units digit of o(q)?
8
Let z(r) = -r**2 + 6*r - 3. Let c be z(5). Suppose -c = 4*i - 6. What is the units digit of i?
1
Suppose -2*z + 25 = 3*z. Let m(w) = w**2 + 6*w + 5. Let o be m(-5). Suppose o = z*x - 59 + 14. What is the units digit of x?
9
What is the units digit of 30/(-4)*(-4)/6?
5
Let m be (-2)/(-4) - (-27)/6. Suppose 8*x = m*x + 138. What is the units digit of x?
6
Suppose 0 = 3*f - 1 - 2. What is the units digit of f?
1
Suppose 6*l - l - 2*i = 243, -2*l + 102 = 4*i. What is the tens digit of l?
4
Let d(o) = 11*o + 3. What is the units digit of d(3)?
6
Suppose 3*d + 10 = -2*d, x = -3*d + 38. What is the units digit of x?
4
Let o be 1 + -3 - (0 + -5). Suppose -o*w = -7*w + 112. What is the units digit of w?
8
Suppose 3*r + 31 = 3*w + 5*r, 5*w - 3*r = 39. Suppose -4*z + 15 = -w. What is the units digit of z?
6
Suppose -4*c - 2*m = -4 - 98, c = 5*m + 42. What is the tens digit of c?
2
Suppose u - 6 = -2. Suppose u*i - 61 = -a, 4*i - 4*a + 3*a = 67. What is the units digit of i?
6
Suppose 0 = -3*a + 5*c + 10, -2*a + 11 = 4*c - 3. Suppose -3*w + 2*j + 131 = -0*j, 0 = a*w + j - 201. What is the units digit of w?
1
Suppose -4*t - 2*d + 12 = 4, -2*d = 8. Let o(v) = 3*v - 3. What is the units digit of o(t)?
9
What is the units digit of 0/4 + 3 + 70?
3
Suppose -4*g = 2*d - 120, 5*g - 4 = -29. What is the units digit of d?
0
Let y(x) = x**3 - 7*x**2 + 6*x + 3. Let k be y(6). Suppose 0 = k*i - 41 - 28. What is the tens digit of i?
2
Let j be 9/(-2)*(-8)/12. Suppose -8*q + 35 = -j*q. Let r(n) = -n**3 + 7*n**2 - n + 10. What is the units digit of r(q)?
3
Let u = -54 - 45. Let t = -59 - u. What is the tens digit of t?
4
Suppose -10*c + 5*c + 5 = 0. What is the units digit of c?
1
Suppose 0 = 5*p - 40 + 5. What is the units digit of p?
7
Let g(i) = 2*i + 3*i + 4*i + 0 - 1. What is the tens digit of g(2)?
1
Let u = 17 + 5. What is the units digit of u?
2
Suppose 3*a - 322 = -5*y, 4*a + 419 = 5*y + 90. What is the units digit of y?
5
Suppose g = -r + 4*r + 5, -5*r - 31 = -3*g. What is the units digit of g?
7
Let y be 18/(2 - -1)*1. Suppose y = o + o. What is the units digit of o?
3
Suppose 0 = -0*f - 3*f + 78. What is the units digit of f?
6
Suppose -5*w - a + 132 = 0, -8*w + 3*w - 3*a + 136 = 0. Suppose 5*d = -5*m + 285, -3*d + w = 2*m - 141. What is the units digit of d?
3
Let w be (8 - 5)/(2/(-4)). Let c(a) = a**3 + 8*a**2 + 9*a. What is the tens digit of c(w)?
1
What is the tens digit of (30/(-4))/(9/(-12))?
1
Suppose -3*d + 434 = 17. What is the tens digit of d?
3
Let r(k) = k**3 - 2*k**2. Let w be r(2). Let b = w + 19. What is the units digit of b?
9
What is the units digit of 43 + (-3)/(-2 - -5)?
2
Let l = 158 + -43. What is the tens digit of l?
1
Let f(u) = 10*u**3 - u**2 + 2*u - 1. Suppose -4*w + 4 = -0. What is the units digit of f(w)?
0
Suppose -7*w + 5*w + 8 = 0. Suppose -r = -w*r + 150. Suppose 2*h + 4*i - r = 0, 4*i = 3*i + 5. What is the units digit of h?
5
Let t(o) = -o + 3. Let u be t(-4). Let c(w) = w**3 - 8*w**2 + 9*w + 10. What is the tens digit of c(u)?
2
Suppose 0 = -4*y + 3*y + 184. What is the hundreds digit of y?
1
Let t be ((-12)/18)/((-2)/21). Let v(r) = -r**2 + 9*r - 10. Let q be v(t). Suppose 0 = -q*g - 3*h + 29, 2*g + h + h = 16. What is the units digit of g?
5
Suppose 3*s + 40 = -2*s. Let i = s + 11. Let w = 0 + i. What is the units digit of w?
3
Let b = 2 + 1. Suppose -f - 5*q = -29, -150 = 2*f - 6*f - b*q. Let h = -26 + f. What is the units digit of h?
3
Suppose -a + 2*c - 5 = -0*c, 2*a - 22 = -4*c. What is the units digit of a?
3
Let q(g) = g**3 + 3*g**2 - 6*g - 3. What is the units digit of q(-4)?
5
Suppose 0 = 3*h - 0*h - 39. Let k be h/5 - 2/(-5). Suppose -k*m = 7 - 1, -2*j - m = -4. What is the units digit of j?
3
Let y(w) be the second derivative of -w**4/12 - 13*w**3/6 + 9*w**2/2 + 6*w. What is the units digit of y(-13)?
9
Let m = -116 + 164. What is the units digit of m?
8
Let r(y) be the first derivative of y**4/4 + 2*y**3/3 - y**2/2 - y + 1. Let j = -4 - -3. What is the units digit of r(j)?
1
Let b(z) = z - 3. Let t(s) = -s**3 - 11*s**2 + 9. Suppose 0 = 4*h + o - 6*o + 64, -3*o - 21 = 3*h. Let n be t(h). What is the units digit of b(n)?
6
Let i be -10*((-12)/10)/(-3). Let z be (i*(-3)/6)/1. Suppose 4 = 4*c - 4*f - 40, -10 = -c + z*f. What is the tens digit of c?
1
Let i = -73 - -193. What is the hundreds digit of i?
1
Let p = 17 - 20. What is the units digit of 1*(35 + p) - -1?
3
Let g(c) be the second derivative of -c**4/12 + 3*c**3/2 - 3*c**2/2 - 2*c. What is the tens digit of g(7)?
1
Let o = 83 - 1. What is the units digit of o?
2
Let w(c) = 8*c. Let j be w(2). Let f = j + -9. What is the units digit of f?
7
Let d be ((-6)/(-10))/((-2)/(-130)). Let q = d + -11. What is the tens digit of q?
2
Suppose -4*m = -m. Suppose 2*f - 26 + 4 = m. Let k = -5 + f. What is the units digit of k?
6
Suppose 151 = 2*v + 2*v - u, -5*v = -u - 189. What is the units digit of v?
8
Let m(s) = 2*s**2 + 9*s + 10. What is the units digit of m(-12)?
0
Let d = 12 - 1. Let z = 1 + d. What is the tens digit of (1 - 2)*z/(-1)?
1
Let r = 6 - 2. Suppose -r*d + 6 = -6. Suppose -7*v + 40 = -d*v. What is the units digit of v?
0
Suppose -4*t + 5*t = 8. Suppose d - 1 = t. What is the units digit of d?
9
Let f(w) = -w**3 - w**2 + 6. Let l be f(0). Let o = -3 + l. Suppose -2 = -o*u + 25. What is the units digit of u?
9
What is the units digit of (4/10)/(2/40)?
8
Suppose 5*h = 2*h - 18. Let r(f) be the first derivative of f**3/3 + 3*f**2 + 5*f + 1. What is the units digit of r(h)?
5
Let h = -127 + 128. Let u be (0 - -1)